{"id":1950,"date":"2021-10-14T15:06:10","date_gmt":"2021-10-14T13:06:10","guid":{"rendered":"http:\/\/www.mdr-sportgemeinschaft.de\/?page_id=1950"},"modified":"2023-10-28T16:45:11","modified_gmt":"2023-10-28T14:45:11","slug":"startseite-original","status":"publish","type":"page","link":"https:\/\/www.mdr-sportgemeinschaft.de\/","title":{"rendered":"Startseite"},"content":{"rendered":"\n<p>Herzlich Willkommen auf unser Vereinswebseite.<\/p>\n\n\n\n<p>Zweck unseres Vereins ist die F\u00f6rderung des Sports, insbesondere des<br>Breiten-, Freizeit- und Gesundheitssports. Der Betriebssportverein<br>zeichnet sich durch eine besondere N\u00e4he zum Mitteldeutschen<br>Rundfunk und der Arbeitswelt aus. Trotz der N\u00e4he zum MDR\u00a0 sind<br>bei uns auch nicht MDR Mitarbeitende im Verein Mitglied sowie gern gesehen.<\/p>\n\n\n\n<p>Wesentliche Ziele sind eine teambildende Bereicherung des<br>Betriebsklimas und dadurch st\u00e4rkere Identifikation mit dem<br>Unternehmen, sowie ein Ausgleich zur steigenden k\u00f6rperlichen und<br>psychischen Beanspruchung im Arbeitsalltag in Bezug auf den mit<br>modernen Arbeitsformen einhergehenden Bewegungsmangel.<\/p>\n\n\n\n<p>Userer Angebot orientiert sich an der Nachfrage der interessierten<br>Sportlerinnen und Sportler und soll die klassischen Teamsportarten<br>(z.B. Basketball, Fu\u00dfball, Volleyball) sowie allgemeine Fitness-<br>Kursangebote (z.B. Yoga, Zumba, Schwimmen\/Aqua-Gymnastik)<br>umfassen.<\/p>\n\n\n\n<p><strong><h2 class=\"display-posts-title\">Unsere Aktivit\u00e4ten<\/h2>\n<div class=\"display-posts-listing\"><div class=\"listing-item\"><a class=\"title\" href=\"https:\/\/www.mdr-sportgemeinschaft.de\/index.php\/2025\/12\/18\/mdr-erfolgreich-beim-6-ard-zdf-badmintonturnier-in-berlin-fuenf-pokale-und-gesamtsieg-gehen-nach-leipzig\/\">MDR erfolgreich beim 6. ARD\/ZDF-Badmintonturnier in Berlin: F\u00fcnf Pokale und Gesamtsieg gehen nach Leipzig<\/a> <span class=\"excerpt-dash\">-<\/span> <span class=\"excerpt\">Beim diesj\u00e4hrigen ARD\/ZDF-Badmintonturnier am 15. November in Berlin feierte das MDR-Team seinen bislang gr\u00f6\u00dften Erfolg.F\u00fcnf Platzierungen in vier Disziplinen sowie&hellip; <span class=\"excerpt-more\"> &hellip; <a href=\"https:\/\/www.mdr-sportgemeinschaft.de\/index.php\/2025\/12\/18\/mdr-erfolgreich-beim-6-ard-zdf-badmintonturnier-in-berlin-fuenf-pokale-und-gesamtsieg-gehen-nach-leipzig\/\" class=\"more-link\"><span class=\"screen-reader-text\">MDR erfolgreich beim 6. ARD\/ZDF-Badmintonturnier in Berlin: F\u00fcnf Pokale und Gesamtsieg gehen nach Leipzig<\/span> weiterlesen<\/a><\/span><\/span><\/div><div class=\"listing-item\"><a class=\"title\" href=\"https:\/\/www.mdr-sportgemeinschaft.de\/index.php\/2025\/11\/26\/mdr-leipzig-richtete-das-47-ard-zdf-volleyballturnier-in-leipzig-aus\/\">MDR Leipzig richtete das 47. ARD\/ZDF-Volleyballturnier in Leipzig aus<\/a> <span class=\"excerpt-dash\">-<\/span> <span class=\"excerpt\">Bericht von Johanna Rheinl\u00e4nder Mit geballter Kraft und drei selbst gestellten Mannschaften hat die Volleyball-Abteilung der MDR Sportgemeinschaft e.V. das&hellip; <span class=\"excerpt-more\"> &hellip; <a href=\"https:\/\/www.mdr-sportgemeinschaft.de\/index.php\/2025\/11\/26\/mdr-leipzig-richtete-das-47-ard-zdf-volleyballturnier-in-leipzig-aus\/\" class=\"more-link\"><span class=\"screen-reader-text\">MDR Leipzig richtete das 47. ARD\/ZDF-Volleyballturnier in Leipzig aus<\/span> weiterlesen<\/a><\/span><\/span><\/div><div class=\"listing-item\"><a class=\"title\" href=\"https:\/\/www.mdr-sportgemeinschaft.de\/index.php\/2025\/06\/03\/mdr-tischtennis-team-bringt-fuenf-medaillen-aus-dem-saarland-mit\/\">MDR-Tischtennis-Team bringt f\u00fcnf Medaillen aus dem Saarland mit<\/a> <span class=\"excerpt-dash\">-<\/span> <span class=\"excerpt\">Von Bettina Kremberg Eine \u201eKonstante im rasanten Transformationsprozess der Medien\u201c, so nannte der Intendant des SR, Martin Grasm\u00fcck, die Tradition&hellip; <span class=\"excerpt-more\"> &hellip; <a href=\"https:\/\/www.mdr-sportgemeinschaft.de\/index.php\/2025\/06\/03\/mdr-tischtennis-team-bringt-fuenf-medaillen-aus-dem-saarland-mit\/\" class=\"more-link\"><span class=\"screen-reader-text\">MDR-Tischtennis-Team bringt f\u00fcnf Medaillen aus dem Saarland mit<\/span> weiterlesen<\/a><\/span><\/span><\/div><div class=\"listing-item\"><a class=\"title\" href=\"https:\/\/www.mdr-sportgemeinschaft.de\/index.php\/2025\/06\/03\/10-jahre-mdr-sportgemeinschaft\/\">10 Jahre MDR Sportgemeinschaft<\/a> <span class=\"excerpt-dash\">-<\/span> <span class=\"excerpt\">Kommt! wir feiern! Unser Verein wurde am 01. Juni 2015 offiziell gegr\u00fcndet, somit m\u00f6chten wir unseren ersten runden Geburtstag am&hellip; <span class=\"excerpt-more\"> &hellip; <a href=\"https:\/\/www.mdr-sportgemeinschaft.de\/index.php\/2025\/06\/03\/10-jahre-mdr-sportgemeinschaft\/\" class=\"more-link\"><span class=\"screen-reader-text\">10 Jahre MDR Sportgemeinschaft<\/span> weiterlesen<\/a><\/span><\/span><\/div><div class=\"listing-item\"><a class=\"title\" href=\"https:\/\/www.mdr-sportgemeinschaft.de\/index.php\/2025\/01\/25\/team-mdr-leipzig-holt-den-volleyball-pokal-zurueck-nach-leipzig\/\">Team MDR Leipzig holt den Volleyball-Pokal zur\u00fcck nach Leipzig<\/a> <span class=\"excerpt-dash\">-<\/span> <span class=\"excerpt\">Letztes Jahr entschied der WDR aus K\u00f6ln beim ARD\/ZDF-Volleyballturnier das Finale f\u00fcr sich. Die Revanche gab es dieses Jahr beim&hellip; <span class=\"excerpt-more\"> &hellip; <a href=\"https:\/\/www.mdr-sportgemeinschaft.de\/index.php\/2025\/01\/25\/team-mdr-leipzig-holt-den-volleyball-pokal-zurueck-nach-leipzig\/\" class=\"more-link\"><span class=\"screen-reader-text\">Team MDR Leipzig holt den Volleyball-Pokal zur\u00fcck nach Leipzig<\/span> weiterlesen<\/a><\/span><\/span><\/div><\/div><\/strong><\/p>\n","protected":false},"excerpt":{"rendered":"<p>Herzlich Willkommen auf unser Vereinswebseite. Zweck unseres Vereins ist die F\u00f6rderung des Sports, insbesondere desBreiten-, Freizeit- und Gesundheitssports. Der Betriebssportvereinzeichnet sich durch eine besondere N\u00e4he zum MitteldeutschenRundfunk und der Arbeitswelt aus. Trotz der N\u00e4he zum MDR\u00a0 sindbei uns auch nicht MDR Mitarbeitende im Verein Mitglied sowie gern gesehen. Wesentliche Ziele sind eine teambildende Bereicherung desBetriebsklimas &hellip; <a href=\"https:\/\/www.mdr-sportgemeinschaft.de\/index.php\/2025\/01\/25\/team-mdr-leipzig-holt-den-volleyball-pokal-zurueck-nach-leipzig\/\" class=\"more-link\"><span class=\"screen-reader-text\">Team MDR Leipzig holt den Volleyball-Pokal zur\u00fcck nach Leipzig<\/span> weiterlesen<\/a><\/p>\n","protected":false},"author":6,"featured_media":0,"parent":0,"menu_order":0,"comment_status":"closed","ping_status":"closed","template":"","meta":[],"_links":{"self":[{"href":"https:\/\/www.mdr-sportgemeinschaft.de\/index.php\/wp-json\/wp\/v2\/pages\/1950"}],"collection":[{"href":"https:\/\/www.mdr-sportgemeinschaft.de\/index.php\/wp-json\/wp\/v2\/pages"}],"about":[{"href":"https:\/\/www.mdr-sportgemeinschaft.de\/index.php\/wp-json\/wp\/v2\/types\/page"}],"author":[{"embeddable":true,"href":"https:\/\/www.mdr-sportgemeinschaft.de\/index.php\/wp-json\/wp\/v2\/users\/6"}],"replies":[{"embeddable":true,"href":"https:\/\/www.mdr-sportgemeinschaft.de\/index.php\/wp-json\/wp\/v2\/comments?post=1950"}],"version-history":[{"count":12,"href":"https:\/\/www.mdr-sportgemeinschaft.de\/index.php\/wp-json\/wp\/v2\/pages\/1950\/revisions"}],"predecessor-version":[{"id":2428,"href":"https:\/\/www.mdr-sportgemeinschaft.de\/index.php\/wp-json\/wp\/v2\/pages\/1950\/revisions\/2428"}],"wp:attachment":[{"href":"https:\/\/www.mdr-sportgemeinschaft.de\/index.php\/wp-json\/wp\/v2\/media?parent=1950"}],"curies":[{"name":"wp","href":"https:\/\/api.w.org\/{rel}","templated":true}]}}